units digit of x - 0 - (-36 - i)?
4
Let i(q) = 7*q**2 + 16*q + 70. What is the hundreds digit of i(-8)?
3
Suppose -4*g - 4*y + 2172 = 0, -2*y + 1667 - 35 = 3*g. What is the units digit of g?
6
Let o be 14 - ((-9)/15)/((-7)/(-35)). Suppose -829 = -o*k - 285. What is the tens digit of k?
3
Let q be (-85 + 3 + 3)*-1. Suppose -6*j = -5*j - q. What is the units digit of j?
9
Let p(s) = -3*s**2 + 43*s - 6. Let o(i) = -2*i**2 + 22*i - 3. Let j(l) = 5*o(l) - 3*p(l). Let a be j(-14). Let b = 112 - a. What is the tens digit of b?
3
Let r(q) = -q**3 - q**2 - 97. Let k be r(0). Let i(n) = 13*n**2 - 5*n + 40. Let o be i(3). Let j = k + o. What is the units digit of j?
5
Let n(c) = c**3 + 16*c**2 - 37*c - 23. Let z be n(-18). What is the units digit of 6342/35 + 1/z?
1
Suppose -4*u - 3*y + 24 = -2*u, -3*u = 5*y - 35. Let v = u - 12. Suppose 0*c = c + 5*x - 28, -v*c = 5*x - 74. What is the tens digit of c?
2
Let y(n) = -n**2 - 9*n - 13. Let x be y(-5). Suppose 17*b = x*b + 630. What is the tens digit of b?
6
Suppose 3 = 2*h - 5. Let t = h + 0. Suppose 3*q = 2*b + 5*q - 52, -3*q + 103 = t*b. What is the tens digit of b?
2
Let r(j) = -j**2 - 9*j - 4. Let t be r(-9). What is the tens digit of -2 + (-2 - t) - -21?
2
Let y(b) = -3*b**2 + 49. Let g be y(0). Let x = -28 + g. What is the tens digit of x?
2
Suppose 0 = c + 2*w - 1952, -11*c + 8*c + 5847 = 3*w. What is the tens digit of c?
4
Suppose -26 = -3*w - 3*m + 109, w - 25 = -5*m. Let x be (w - -2) + (-5 - -1). Let q = 95 - x. What is the units digit of q?
7
Let a be (-18 - -14)/(3/(-1) - -1). Suppose 3*p - 93 + 553 = a*y, -4*y + p + 930 = 0. What is the units digit of y?
3
Let k be (2*45 + (4 - 0))/1. Let q = k - 80. What is the units digit of q?
4
Let b(f) = 24*f. Let x be b(16). Suppose 3*h = 5*o - x, 6*o = 2*o + h + 303. What is the units digit of 84/10 + (-30)/o?
8
What is the units digit of 1434 + (-8 - -3 - -9)?
8
Suppose -10*b + 22325 = -45. What is the thousands digit of b?
2
Suppose 3*h - 161 = 4*p - 656, -p - 2*h = -110. What is the units digit of p?
0
Let m be 2*3/24*4 - -1661. Suppose -6*l = 618 - m. What is the units digit of l?
4
Let f(i) = i**2 + 31*i + 129. What is the units digit of f(-44)?
1
Suppose 2048 = 6*f - 3028. What is the hundreds digit of f?
8
Suppose 2*x - w = 8, x + 9 = 6*x + 3*w. Suppose -3*f + 1014 + 1808 = -2*q, 4*q + 2824 = x*f. What is the tens digit of f/18 - 14/63?
5
Let z(s) = 108*s**2 - 3*s - 1. Let p(g) = g**2 + 23*g + 59. Let k be p(-20). What is the units digit of z(k)?
0
What is the hundreds digit of (-1)/(4/(6516/(-3)))?
5
Let o(q) be the second derivative of 5*q**4/3 - 5*q**3/6 - 3*q**2 + 24*q. What is the tens digit of o(-3)?
8
Suppose -5 = -z - 11. What is the tens digit of (-4)/z*(62 - -13)?
5
What is the tens digit of 0 + 4670/(5 - 3)?
3
Let z = 164 + 1064. What is the hundreds digit of z?
2
What is the units digit of 2973*2/(-9*(-1)/3)?
2
Let s(k) = k**2 + 2*k - 5. Let v = -6 - -2. Let r be s(v). Suppose 0 = -r*b, -z - 4*b + 4 = -b. What is the units digit of z?
4
Let p be (28/(-21))/(2/(-3)). Suppose -h - 23 = -f, -p*f - h + 7 = -24. What is the units digit of f?
8
Suppose -l = 1 - 4. Suppose k + 2*k - l = 0. What is the units digit of 3/k + -4 + 8?
7
Suppose -5*y = -4*h - 1908, 4*h + 0*h + 756 = 2*y. Suppose 4*b - 2*d = 3*d - y, d - 288 = 3*b. Let k = -47 - b. What is the tens digit of k?
4
Let x be 1180/(-30) - (-4)/(-6). Suppose 3*f = -3*q + 204, 4*q = 4*f - 0*q - 288. Let t = x + f. What is the tens digit of t?
3
Let h = 4178 - 429. What is the hundreds digit of h?
7
Let c be 1/(2/(-10)) - 1. Let v be (c/9)/((-2)/12). What is the tens digit of ((-6)/v)/((-13)/234)?
2
Suppose 8*r + 148 = 9*r. Let z = r + -60. What is the tens digit of z?
8
Let j(t) = 32*t + 490. What is the tens digit of j(-11)?
3
Let h(a) = 77*a - 3. Suppose -i = -2*p - 6 + 11, -4*i - 2*p + 10 = 0. What is the units digit of h(i)?
4
Let x(l) = 12*l**3 - 2*l**2 + 2*l - 1. Let a be x(1). Let c(t) be the first derivative of t**3/3 - 3*t**2 - 26*t + 115. What is the units digit of c(a)?
9
Suppose -70 = -n + 2*n. What is the units digit of (4 + n/(-4))*2?
3
Let t(l) = l**3 + 5*l**2 + 4*l. Let y be t(-4). Suppose y*a = -4*a + 248. What is the units digit of a?
2
Let t = -46 + 46. Suppose 4*z + 2*l - 97 - 373 = t, -5*z + 583 = -2*l. What is the units digit of z?
7
Suppose -5*y - 5*l = 15, -7*y - l = -2*y + 27. What is the units digit of ((-561)/y - 3)*2?
1
Let i(y) = y**3 - 8*y**2 + 7*y + 2. Let r be i(7). Suppose 166 = -4*u - 5*f, 4*u + 2*f + r*f + 164 = 0. Let z = -13 - u. What is the tens digit of z?
2
Suppose -4*h + 48 = o - 380, 2*o + 224 = 2*h. Suppose v - h = 3*l, -2*v - 2*v + 399 = -l. What is the units digit of v?
9
Suppose 0 = 4*t + 4, -5*c = -0*t - t - 131. Suppose 2*w + 6 = -c. What is the units digit of (60/w)/((-3)/16)?
0
Let b(y) be the first derivative of 10*y**3 + 3*y**2/2 + 3*y - 2. Let n be b(-2). What is the tens digit of 2*(n/6)/3?
1
Suppose -3*v - 6 + 18 = 0. Suppose 5*d + v*r = 13, -5*d - 4*r - 37 = -10*d. Suppose 0 = -2*g + 3*o + 49, -2*g - g + d*o = -74. What is the tens digit of g?
2
What is the units digit of (-393 - -1)*(-175)/140?
0
Let a(v) = -v**3 - v**2 - 2*v + 1385. What is the thousands digit of a(0)?
1
Let s(y) = -11*y. Suppose 0 = -r + 13 + 1. Let q = 12 - r. What is the tens digit of s(q)?
2
Let s be 4112/26 - (-6)/117*-3. Suppose -4*x + s = -62. What is the units digit of x?
5
Let v be 2/9 + (-6)/27. Let i(x) = 9*x + v - 13*x + 7 + 2*x. What is the tens digit of i(-10)?
2
Let c be ((-54)/4)/(-9)*2. What is the tens digit of (3/c - 0)*49?
4
Let o = -90 - -129. Let t = o + -36. Suppose -3*f - 5*i = -t*i - 107, 0 = -2*f + 5*i + 103. What is the units digit of f?
9
Let g = 1281 - 720. What is the units digit of g?
1
Suppose 10 = 4*s - 10. Suppose 0 = -4*k + 5*p + 740, -3*k - 2*p = -s*p - 552. What is the tens digit of k?
8
Let n = 39 + -43. What is the units digit of n/(-6)*(-612)/(-8)?
1
Let u(x) = -x**2 + x + 3. Let t be u(3). Let j be (-2 + 8)/(t/(-3)). Suppose 60 = j*i - 4*i + 4*q, q = -5*i + 132. What is the tens digit of i?
2
Suppose -4*v + 0*v = 3*i - 521, -2*i = 3*v - 390. Let u be (-3 - -5)/(1/92). Let d = u - v. What is the units digit of d?
6
Let p be 4*(-15)/6 + 2 + -3. What is the units digit of ((-5)/4)/(-3 - p/4)?
5
Suppose -4*i + 390 = u - 8*i, 5*u = -i + 1866. What is the tens digit of u?
7
Suppose k + 5*a - 273 - 211 = 0, -3*k + 3*a + 1506 = 0. What is the tens digit of k?
9
Let d(r) = -2*r**3 + 6*r**2 - 7*r + 20. Let j be d(4). Let f = -10 + 5. What is the units digit of f/(-3 + j/(-15))?
5
Suppose r = -4*r + 775. What is the units digit of r?
5
Let m(s) = 179*s**2 + 7*s + 4. What is the units digit of m(-3)?
4
Suppose -c - 3*c + 20 = 0, 5*c + 3610 = 5*z. What is the units digit of z?
7
Let m(y) = -289*y - 51. What is the thousands digit of m(-4)?
1
Let m = -71 - -134. Suppose -11 = -u - 4*i + m, 3*u + 2*i - 262 = 0. Let q = u + -64. What is the units digit of q?
6
Suppose 0 = -4*o + 5*o - 474. What is the tens digit of o?
7
Let g = -10 - -11. Suppose 0 = -5*w + 3*l + 24, g + 23 = 4*w - 4*l. Suppose t - 5*t + w*c + 49 = 0, t = 5*c + 8. What is the units digit of t?
3
Let h(t) = 2*t - 31*t**3 + 9*t**2 + 32*t**3 + 3*t + 12. What is the units digit of h(-6)?
0
Suppose 2*q + 13 = u, u - 6 = 3*q + 12. Suppose i + 389 = 5*i - u*h, h - 393 = -4*i. What is the units digit of i?
8
What is the hundreds digit of -11 - (8 - (-9 - -932))?
9
Let c(s) be the third derivative of -23*s**9/60480 + s**6/720 - 7*s**5/60 - 8*s**2. Let b(k) be the third derivative of c(k). What is the units digit of b(-1)?
4
Let t(p) = -6*p**3 - 4*p**2 + 16*p + 1. What is the units digit of t(-5)?
1
Let o be 3/(-9)*(8 - -7). Suppose -5 = -a + 4*z, -3*a + 3*z - 2*z = -15. What is the tens digit of 153/a + (-2)/o?
3
Suppose 7 = s + 3*s + t, -2*s + 4*t = -8. Suppose 4*c - s*c - 106 = 0. What is the tens digit of c?
5
Suppose 16 = -3*r + 7*r. Suppose 3*p + 15 = 4*c, 5 = -2*c - r*p + 3*p. Suppose c = -2*f + 4 + 4. What is the units digit of f?
4
Let l = -11 - -542. What is the hundreds digit of l?
5
Let k(a) = -a. Let i be k(-7). Suppose 2*d - i = 17. What is the tens digit of d?
1
Let g(z) = -z + 2. Let k(i) = i - 5. Let b(q) = q**2 + 6*q - 12. Let u be b(-7). Let a be k(u). What is